e o(n). Calculate the greatest common divisor of f and 54.
27
Let o be (-18)/(-24) + -2*1/(-8). Let b be o/((-15)/25*1/(-3)). Calculate the greatest common factor of 25 and b.
5
Suppose -45 = -4*w + 667. Let i = w - 106. What is the highest common factor of i and 8?
8
Let s = -874 + 884. What is the highest common factor of 170 and s?
10
Let u = 8 - -22. Calculate the highest common factor of 20 and u.
10
Let p be 9 + -2*(2 - 1). Let j = 6 - p. Let f(w) = 26*w**2 + w + 1. Let n be f(j). Calculate the highest common factor of 65 and n.
13
Let d be 240/(-108)*(90/(-4))/5. What is the greatest common factor of 40 and d?
10
Let y be (5 + -1)*6/3. Let f be y + -8 - (0 - 0). Suppose f = -5*n + 25 - 10. Calculate the highest common factor of 3 and n.
3
Let p be -10 + 12 - (0 - 0/1). Suppose -p*o + 812 = 5*o. Suppose -78 = 5*x - 223. Calculate the greatest common divisor of x and o.
29
Suppose -o = 3*b + b - 140, -586 = -4*o - 3*b. Calculate the highest common factor of o and 5328.
148
Suppose -6*s = -11*s + 30. Calculate the greatest common divisor of s and 12.
6
Suppose 2*r = -2*o + 60 + 10, -r = -4*o - 25. Calculate the highest common divisor of r and 759.
33
Suppose -4*o - 113 = -473. Calculate the highest common divisor of 150 and o.
30
Suppose -24 = -j - 2*j. Let w(g) = 12*g - 404. Let r be w(37). Calculate the highest common divisor of r and j.
8
Suppose -9*a + 264 = -5*a. Let k = -64 + a. Calculate the greatest common factor of 2 and k.
2
Let u = 306 - 298. What is the highest common divisor of u and 3?
1
Let l(i) = 5*i. Let k(f) = 0*f + 6*f + f**3 + 3*f - 3 + 7*f**2. Let s be k(-4). Let h be l(s). What is the greatest common factor of h and 15?
15
Let l = -15 + 27. Suppose -5*t + 373 = 313. What is the highest common factor of t and l?
12
Let a = 23 + -40. Let q = -12 - a. Calculate the highest common divisor of q and 55.
5
Suppose -5*z + 274 = -150*q + 149*q, -5*z = 3*q - 238. Let d(p) = -p + 212. Let x be d(0). What is the greatest common factor of x and z?
53
Suppose 4*z + 24 = -3*u - 10, -4*z + 5*u - 18 = 0. Let g be -24*(-1)/(-3 + 1). Let q = z - g. What is the highest common factor of q and 45?
5
Suppose 4563 + 13 = 16*x. What is the highest common factor of 264 and x?
22
Let y(p) = -9*p - 5. Let f be y(-5). Suppose -5*w + 160 - f = 0. Let h be (3 - -5)/((-6)/(-45)). Calculate the highest common factor of h and w.
12
Let f(z) = -5 - 9*z - 12*z + 8*z - 9*z + 4*z**2. Let m be f(6). Calculate the highest common factor of 56 and m.
7
Let z(m) = -13*m**3 + m + 1. Let n be z(-1). Suppose -5*w - 116 = -9*w. Let d = w - -10. Calculate the greatest common factor of d and n.
13
Let h = -55 - -56. Let i be (75/5)/h*1. Calculate the greatest common divisor of i and 3.
3
Let w(f) = f**3 + 4*f**2 - f - 3. Let g be w(3). Let m(z) = -2*z**2 - 30*z - 14. Let p be m(-13). Calculate the highest common factor of p and g.
19
Let v = 163 - 150. Suppose 0 = -2*p - 1 + 79. Suppose -3*u + 0*u + p = 0. What is the greatest common factor of v and u?
13
Suppose -k + 2*k - 17 = -4*d, 2 = -2*k + 4*d. Suppose 5*m - m - 12 = 0, -b + 77 = -m. Let i = b + -75. Calculate the greatest common divisor of k and i.
5
Let d = -1405 - -1414. What is the highest common divisor of d and 801?
9
Let m be (4 + 72)/2 + -6. Let o = 15 + -7. What is the greatest common divisor of m and o?
8
Let g(p) be the second derivative of -p**5/5 - p**4/6 + p**3/6 + p**2/2 - 2*p. Let d be g(-1). What is the greatest common factor of 4 and d?
2
Suppose -6 = 5*m + 14. Let q be m/((-4)/((-80)/(-1))). What is the greatest common factor of q and 20?
20
Suppose -2*o = -2*f - 2*f + 102, 4*f = -3*o + 97. Let d = -25 + f. Suppose d = 6*g - 1022 + 98. What is the highest common divisor of g and 14?
14
Let b = 33 - 33. Suppose b = -5*f - 0*f + 80. Suppose -4*p = -5*u + 140, -2*u + 2*p = -u - 22. What is the greatest common divisor of f and u?
16
Let l be (-6)/(-2*(-1)/(-3)). Suppose 3*p - 3 - 18 = 0. Suppose -x = -p*x + 594. Calculate the greatest common divisor of x and l.
9
Let m be 15*6*5/50. Let c = -19 + 27. Let g = -7 + c. What is the highest common divisor of m and g?
1
Suppose -19*d + 50 = -121. Let w(n) = 2*n**2 - 2*n + 3. Let r be w(-3). What is the greatest common divisor of d and r?
9
Let u = -103 + 173. Calculate the highest common divisor of 2240 and u.
70
Suppose -157*k + 18 = -154*k. Let s be 12/((-4)/((-8)/(-3))). Let i = s - -14. Calculate the greatest common divisor of i and k.
6
Suppose 4*i = -11 + 63. Let w = -10 + i. What is the highest common divisor of 36 and w?
3
Let q be (28/(-16))/(2/(-136)). Let b = -56 + q. What is the greatest common factor of 9 and b?
9
Let q be 12*16/120*60. Let l = -2 - -14. What is the greatest common factor of l and q?
12
Suppose 1 = -5*t + 16. Calculate the greatest common factor of 150 and t.
3
Let x be ((-4)/(-6))/((-14)/147). Let s = 26 + x. Let p be (220/(-8) - 1)*20/(-6). What is the greatest common divisor of s and p?
19
Let z(g) = -g**2 - 15*g. Let v be z(-11). Let n be 48 + (-1)/((-2)/(-8)). What is the greatest common divisor of v and n?
44
Let t(l) = 22*l**2 - 23*l - 23. Let b be t(-1). Calculate the greatest common divisor of b and 506.
22
Let r = 2864 - 1064. Calculate the highest common divisor of 40 and r.
40
Let s = -803 + 827. What is the greatest common divisor of s and 8?
8
Let k(m) = -m**2 - 28*m + 500. Let a be k(-39). Calculate the highest common divisor of 639 and a.
71
Let o be (63 + -26)*(1 - 0). Calculate the greatest common divisor of 888 and o.
37
Let j be 112/58 + (224/(-203))/(-16). What is the greatest common factor of j and 478?
2
Suppose -3*l + 4*h = -6, -3*h + 1 = -4*l + 2. Let o be 356/28 - l - 4/(-14). What is the greatest common divisor of 5 and o?
5
Let d = 36 - 12. Let o be (0/(1/(-1)))/((-4)/2). Let s(f) = -f**3 - f + 36. Let c be s(o). Calculate the greatest common divisor of c and d.
12
Suppose -c + b + b - 9 = 0, -5*b = -25. Let y be (0 - -4)*c + 9. Calculate the greatest common factor of y and 39.
13
Suppose -m = 3, -2*f + 18 = f - 4*m. Suppose -63 = -g - 2*l, -4*g + f*l - 3*l + 224 = 0. Calculate the greatest common divisor of g and 11.
11
Let g be (-1 - -61)/((-4)/(-8)). Let z = 1120 - 1072. Calculate the greatest common factor of g and z.
24
Let t(v) = -13 - 4*v + 5 + 13 + 2*v**2 + v - v. Suppose 25 = -c + 6*c. Let m be t(c). What is the greatest common divisor of 7 and m?
7
Let i be 25/4*-1 - 41/(-164). Let l be ((-105)/20)/(i/16). Calculate the highest common divisor of l and 49.
7
Let o(w) = 7*w - 2. Let i(b) = b. Let z(h) = 3*i(h) - o(h). Let v be z(-2). Let y be 14/(-2)*2400/(-210). What is the greatest common factor of y and v?
10
Let f(w) = -5*w - 44. Let z be f(0). Let m = -41 - z. Calculate the highest common factor of 6 and m.
3
Suppose -2*s + 7*s = -115. Let r = s - -34. What is the highest common factor of r and 242?
11
Let n = 5 + 0. Let u = -81 + 85. Suppose -5*o = n*b - 200, 0*o - 176 = -u*b + 4*o. Calculate the highest common factor of b and 105.
21
Suppose -3*h = -l + 2*l, -5*h + 3*l + 14 = 0. Suppose -5*t = -h + 6. Let j be (-5 - t)/((-8)/96). Calculate the greatest common divisor of 12 and j.
12
Let w = 9526 + -6125. Calculate the highest common divisor of 19 and w.
19
Let b(f) = -2*f**2 + 38*f - 62. Let q be b(17). What is the greatest common factor of q and 69?
3
Suppose 177 = -21*t + 681. What is the greatest common divisor of t and 21?
3
Let d = -103 - -177. Let q = 190 + -66. Let j = d + q. Calculate the greatest common factor of 18 and j.
18
Let k(v) = -v**3 - 8*v**2 - 7*v - 12. Let i be k(-7). Let n be (6/18)/((-2)/i). Let w = 12 + 10. Calculate the greatest common factor of n and w.
2
Suppose -25*j + 5*t = -24*j + 2, -71 = -5*j - 2*t. Let m be 39/6 - (-2)/4. Suppose 14*z - j*z - m = 0. Calculate the greatest common factor of 28 and z.
7
Let t be (42/8)/(((-1050)/(-112))/25). What is the greatest common factor of 161 and t?
7
Let q(w) = 2*w**2 - 25*w - 27. Let c be q(14). What is the greatest common factor of c and 120?
15
Suppose 2739 = 110*r - 27*r. What is the highest common factor of 24 and r?
3
Let g(f) = -5*f - 6. Let o be g(-5). Suppose 5*q = o - 4. Suppose 3*j + r - 12 = 0, -q*j - 4*r + 8 = -4. What is the highest common divisor of 1 and j?
1
Let m = 4 + -2. Let o(t) = -t*